467*j**2 - 13 - j. Give z(0).
40
Let w(f) = -f**2 + 2*f - 1. Let a(p) = -5*p**2 + 6*p - 3. Let u be (-2)/14 + ((-72)/42)/2. Let b(n) = u*a(n) + 2*w(n). What is b(2)?
9
Let u(j) = -450158*j - 3*j**2 + 86 + 450189*j + 4*j**2. Calculate u(-3).
2
Let k(l) = l + 2. Let v = 362 - 257. Suppose 0 = -v*d + 102*d + 105. Suppose d = 5*b - 12*b. What is k(b)?
-3
Let d be (-27)/(-6) + 1/(-2). Let c(f) = 11*f**2 - 3*f + 7. Let x be c(2). Let p(h) = -h**2 + 30*h - x*h + 21*h. Determine p(d).
8
Let n be (3/(-2))/((-12)/(-32)). Let r(s) be the third derivative of -s**5/60 - 7*s**4/24 + s**3/6 + 10*s**2 + s. Give r(n).
13
Suppose -87 + 72 = -5*c. Let q(r) = -r**3 + 2*r**c - 59 + 2*r + 57 + 2*r**2. Determine q(-2).
-6
Let k(y) = 4*y + 1. Let n be 8/(-44) + 101/11. Let f = 181 - 171. Suppose -n*l + 7*l = f. What is k(l)?
-19
Let a(g) = -g**3 + 9*g**2 + 8*g - 13. Suppose -8*x = -3*b - 9*x + 26, 4*x = 5*b - 66. Give a(b).
-33
Let t(y) be the third derivative of -1/120*y**5 + 0*y**4 - 19*y**2 + 0*y + 37/6*y**3 + 0. Let f(s) be the first derivative of t(s). What is f(2)?
-2
Let i(v) be the third derivative of -v**6/120 - v**5/60 - v**4/24 - 6*v**3 - 14*v**2 - 47*v. Suppose 2*m = -0*m + 4*b - 12, b = 3. Determine i(m).
-36
Let k(s) = -19*s - 7 + 5*s + 1 - 11 + 22. Give k(6).
-79
Let v(d) = -9*d**2 + 12*d - 1. Let a(p) = 11*p**2 - 12*p + 2. Let u(t) = 5*a(t) + 6*v(t). Suppose 3*c = i - 22, 4*c + 3*i + 17 = -34. What is u(c)?
-23
Let o = -6127 - -6131. Let q(k) = 2 - 3 - 4*k + k**2 + 2 + 2. Determine q(o).
3
Let n(i) = -i**3 + 2*i**2 - 1. Let m(k) = 14*k**2 - k. Let s be m(-1). Suppose 38*c - 43*c + s = 0. Suppose 2*b - c = 1. Calculate n(b).
-1
Let g(v) = -5*v - 1. Suppose 0 = -3*a + 15, 3*k + 3 = -0*k + 3*a. Let d be k/(-3 - 1) + 1. Suppose -o + 3*f - 3 + d = 0, 3*f = -o + 9. Determine g(o).
-16
Let l(o) = -2*o**3 - o**2 + o - 2. Let w(y) = y**3 + 45*y**2 - 97*y - 141. Let u be w(-47). Determine l(u).
-2
Let f(v) = -3*v + 1. Let k(y) = 53*y**3 + 2*y**2 - 11*y - 12. Let n be k(-1). Let b be (-39)/n + (-3)/(-12). Determine f(b).
-2
Let m(u) = -1821*u**2 + u + 903*u**2 + 15 + 913*u**2 + 5*u**3. Let z be 1/((-1 - 0)/(-1)). Let o(c) = c**3 - c**2. Let j(k) = z*m(k) - 6*o(k). Calculate j(0).
15
Let m(r) be the first derivative of 0*r**2 - 8*r + 7 + 0*r**4 - 3/10*r**5 + 1/6*r**3. Let a(g) be the first derivative of m(g). Give a(1).
-5
Let a(q) be the second derivative of q**4/12 + 5*q**3/3 + 7*q**2/2 - 9*q. Let o be -1*(42 - 52)*(1 - 2). What is a(o)?
7
Let t(f) = -11*f - 198. Let x(a) = 1151*a - 2319. Let b be x(2). Give t(b).
-11
Suppose 0 = 2*k + 34*k - 108. Let g(v) be the second derivative of -3/2*v**2 - 8*v + 0 + 1/3*v**k. Calculate g(-6).
-15
Let d(j) = 2*j**2 - j + 1. Let x(z) = 11*z**2 + 4*z - 7. Let p = -713 + 714. Let s(i) = p*x(i) - 5*d(i). Determine s(-10).
-2
Let y = -5139 - -5141. Let a(r) = 32*r - 22. What is a(y)?
42
Let r be 2*3/3 + -9. Let h(l) = -665*l**3 + 7*l**2 + 2*l + 330*l**3 - 12 + 2 + 336*l**3. Calculate h(r).
-24
Let v(u) = 21*u**2 - 2*u - 2. Suppose 729*z - 1444*z = -729*z - 14. Calculate v(z).
21
Let j be 19 - (-6)/(-2) - (1241 + -1223). Let z(c) = c**2 - 3*c**2 - 4*c + c**2 - 4. What is z(j)?
0
Suppose h + 17 = 3*h + 3*l, 3*l = 3*h - 3. Let f(q) = 16*q - h*q + 11*q + 5. Let m(j) = 12*j + 3. Let p(c) = -6*f(c) + 11*m(c). Calculate p(2).
-9
Let t(l) be the second derivative of -l**7/2520 + l**6/180 + l**5/15 - 59*l**4/12 + 9*l + 2. Let d(i) be the third derivative of t(i). Calculate d(6).
-4
Let g(v) = -5*v + 9. Suppose -15 = -o + 4*l, 3*o + 3*l + 20 = 5*o. Suppose -k + o = 5*h - 3*h, -20 = -5*h - 5*k. Determine g(h).
-6
Let o(g) be the third derivative of g**6/120 - 7*g**5/60 + g**4/8 + g**3/6 - 3235*g**2. Let u be 1*(4 - 2) + 2. Let i be 44/7 + u/(-14). Calculate o(i).
-17
Let w(y) be the second derivative of 1/20*y**5 + 30 + 0*y**3 + 1/3*y**4 - 5/2*y**2 + 3*y. Give w(-5).
-30
Suppose -34 = 78*s + 35 + 9. Suppose -3*f + 4*g = -32, 0 = -5*f - 5*g - 0 + 30. Let t(b) = -4 - b + 4 - f*b. What is t(s)?
9
Let r(h) = -7*h**3 + 14*h**2 + 6*h**3 - 6*h - 6*h**2. Let f(p) = -17*p - 3. Let u be f(-23). Let j = u - 381. Calculate r(j).
7
Let y = -33 - -235. Suppose 0 = -c - 208 + y. Let a(i) = -i**2 - 2*i + 8. Calculate a(c).
-16
Let x(l) = -15*l + 28*l**3 - 7 + 19*l - 26*l**3 - l**2. Calculate x(3).
50
Let d(x) = -1 - 7*x**2 - 6*x + 0 + 3*x**3 - 4*x**3 + 2. Let w = 20 - 2. Suppose 4*m - m = -w. Determine d(m).
1
Let j(g) = 8*g + 0 - 2*g**2 + 1 - g**2 + 0*g**2 + 4*g**2. Calculate j(-9).
10
Let j(y) = 3*y. Let q(x) = -11*x - 3. Let v(d) = 9*j(d) + 2*q(d). Determine v(0).
-6
Let s(i) = -i**3 - 9*i**2 + 2. Let r(t) = -2*t**3 - 17*t**2 - t + 3. Let n be ((-171)/(-11))/(-3) - (-16)/88. Let m(d) = n*s(d) + 3*r(d). Give m(-2).
-11
Let w(r) = -3*r**2 - 4*r - 9. Let y(m) = 0*m**2 + 0 - 8 - 3*m - 5*m**2 + 0 - 3. Let l(a) = 3*w(a) - 2*y(a). Calculate l(6).
-5
Let a = -106 + 109. Let x(y) = 4 + 11*y - 13*y - a. Calculate x(-1).
3
Let q(s) be the second derivative of 4*s**3/3 - 21*s**2 - 1555*s - 2. Determine q(6).
6
Let g(q) = -6*q - 291. Suppose -14*c - 449 = 322 - 99. What is g(c)?
-3
Let r(c) = -c - 3. Suppose 4*d + 47 - 4 = -3*n, n + 4*d + 17 = 0. Let w(t) = 21 + 5*t - t**2 + t - 18*t + t. Let q be w(n). What is r(q)?
2
Let m(p) = -16 - 1945*p**2 - 1940*p**2 - p**3 - p - 1945*p**2 + 5833*p**2. Give m(0).
-16
Let d be -2 - 0 - -1*10. Suppose d*y - 3*y + 35 = 0. Let j(r) be the first derivative of -r**2/2 - 9*r + 56105. Determine j(y).
-2
Suppose 0 = -j + 1 + 1. Suppose -104 = -4*h - 4*h. Let s(l) = 3*l + h - 2*l - 12. Determine s(j).
3
Let g be (5/(-2))/(1/2). Let o(v) = 16*v**2 - 7*v + 2 - v - 1 + 2*v**2 + 4*v - 19*v**2. Calculate o(g).
-4
Let s = -124 + 126. Let j(i) = 4*i**2 - 10*i - 20. Let p(k) be the second derivative of k**3/6 + k**2 + 2*k. Let b(u) = s*j(u) + 20*p(u). Give b(-1).
8
Let s(z) = -z**2 - 14*z + 183. Let y be s(-22). Let w(h) = -3*h - 16. What is w(y)?
-37
Let t(v) be the second derivative of -v**5/2 - v**3/3 - v**2/2 + 2*v. Suppose 2*q + 132 = 138. Suppose -21*n + q*n - 18 = 0. Calculate t(n).
11
Let a(t) = 34*t**2 - 24*t + 50. Let g(w) = 16*w**2 - 11*w + 25. Let m(h) = -6*a(h) + 13*g(h). Let l(j) be the first derivative of m(j). Calculate l(2).
17
Let p be 2*(-2)/6 - 7033/39. Let l = p - -492. Let w(i) = -i - l + 619 - 2*i**2 - 304 + i**3. Determine w(3).
10
Suppose -3*x + 5*q - 12 = 0, x - 10 = -5*q + 6. Let b(m) = -102*m**2 + m. Let g(d) = 11*d**2. Let y(c) = -2*b(c) - 18*g(c). What is y(x)?
4
Let d(f) = 3*f**2 - 4*f - 17. Let p(z) = -z**2 - z + 8. Let m(c) = -d(c) - 2*p(c). Calculate m(6).
1
Let g(k) = -4*k + 20. Let y(q) = -q + 22. Let r(i) = -2*g(i) + 2*y(i). Calculate r(-13).
-74
Let t = 967 + -890. Suppose t*j = 71*j + 18. Let q(y) = y**3 - 3*y**2 - 4*y + 4. What is q(j)?
-8
Let g = 875 - 869. Let i(h) = h**2 - 227*h + 1327. Calculate i(g).
1
Let a(t) = -t**2 + 11*t - 15. Suppose 5*p - 62 = 4*d, p - 539*d + 541*d = 4. Determine a(p).
-5
Let o(q) = q**2. Let u(s) = -6*s + 84. Suppose 0 = -13*g - 8*g + 294. Let d be u(g). Determine o(d).
0
Let g(p) = -3*p**3 - 4*p**2 - p. Let c = -463 + 366. Let k = c - -94. What is g(k)?
48
Suppose -4*z - 7*d + 368 = -11*d, 3*z = 5*d + 276. Let l(b) = -3*b + 96 + b**3 + 0*b**2 + 3*b**2 - z. Calculate l(-4).
0
Let k = 121 - 31. Let s = k + -82. Let i(c) = -c**2 + 8*c + 6. What is i(s)?
6
Let s = -9322 + 9334. Let b(a) = 2*a**3 - 22*a**2 - 25*a + 27. What is b(s)?
15
Let n(i) be the second derivative of -i**4/12 + 3*i**3 + 13*i**2 + 2*i + 5. Let j be n(19). Let x(m) = -2*m + 6. Determine x(j).
-8
Let q(y) = -19*y**3 - 30*y**2 + 56*y - 33. Let w(p) = 41*p**3 + 62*p**2 - 115*p + 66. Let u(f) = 13*q(f) + 6*w(f). Calculate u(-20).
7
Let w(v) = -v**3 + 3*v**2 + v + 6. Suppose -3*y + 2*s - 6 = -4*y, 2*s - 54 = -5*y. Suppose y*f = -9*f + 105. What is w(f)?
-39
Let n(y) = -9 - 3*y + 3*y + y**2. Let i = 917066 - 917070. Give n(i).
7
Let r be (-106)/(-84) - 48/504. Let p(a) be the third derivative of 1/24*a**4 + 19*a**2 + 0*a + 0 - r*a**3. Calculate p(3).
-4
Let s(z) = -z**3 - 27*z**2 + 54*z - 113. Let o be s(-29). Let t(a) = -a**2 - a + 12. Calculate t(o).
0
Let m(j) = 7*j**3 + 7*j**2 - 7. Let q(i) = i**3 + i**2 - 1. Let f = 83 + -82. Let d(g) = f*m(g) - 6*q(g). Let n be (-8 + 2 + 1)*(-4)/10. Determine d(n).
11